hat is 285 + -1?
284
In base 10, what is 516 + 19?
535
In base 13, what is -a - -2b4?
2a7
In base 6, what is 41101 + -2?
41055
In base 9, what is -2 + 368?
366
In base 11, what is -1 + -6a0?
-6a1
In base 4, what is 1 - -13?
20
In base 10, what is 13 - -35?
48
In base 4, what is 1 + -23?
-22
In base 13, what is 3 - 135?
-132
In base 12, what is -170a - 5?
-1713
In base 7, what is 400 - 5?
362
In base 11, what is -2 - -85?
83
In base 7, what is -40 + 0?
-40
In base 5, what is 103042 + -2?
103040
In base 2, what is 1111000 - 1010?
1101110
In base 2, what is -11011001 - 100?
-11011101
In base 7, what is -1661 + 2?
-1656
In base 10, what is -951 - 3?
-954
In base 14, what is -2 - -6dd?
6db
In base 13, what is -b + a6?
98
In base 6, what is 55 + -20?
35
In base 4, what is 11 - -11213?
11230
In base 13, what is 4 - -841?
845
In base 10, what is -2 - 72?
-74
In base 3, what is -220110 - 1?
-220111
In base 16, what is cd - -4?
d1
In base 5, what is -113 + 111?
-2
In base 4, what is -2 + 3331?
3323
In base 4, what is -1 - -111?
110
In base 9, what is 3038 - 5?
3033
In base 2, what is -100010000 - -1100?
-100000100
In base 15, what is -c0 + 11?
-ae
In base 14, what is -76 + -c?
-84
In base 12, what is -4 + a12?
a0a
In base 8, what is 336 - -5?
343
In base 13, what is 2b + 1a?
48
In base 8, what is -17 - -21?
2
In base 16, what is 3 + 223?
226
In base 14, what is -3 + -2d?
-32
In base 13, what is 3 + -93?
-90
In base 16, what is -2 - 24c?
-24e
In base 16, what is -7 - -78?
71
In base 9, what is -28 + 11?
-17
In base 10, what is 74 - 1?
73
In base 16, what is -2 - -f?
d
In base 9, what is 765 - 2?
763
In base 10, what is -9 + -108?
-117
In base 3, what is -121 + 211002?
210111
In base 16, what is -5 - -203?
1fe
In base 5, what is 33 + 1?
34
In base 12, what is -2 + 29?
27
In base 13, what is -2 + 134?
132
In base 16, what is -59 + -e?
-67
In base 13, what is -3 + 37?
34
In base 8, what is -155 + -4?
-161
In base 9, what is 60 + 23?
83
In base 11, what is 4 - 2?
2
In base 6, what is -2 + -43?
-45
In base 13, what is b + 2?
10
In base 13, what is 0 - -6?
6
In base 12, what is -6 - 12?
-18
In base 13, what is 1 + 6b1?
6b2
In base 8, what is -3 - 16?
-21
In base 5, what is 10 + -44?
-34
In base 13, what is a + 43?
50
In base 7, what is 210 + 213?
423
In base 5, what is -2 + 1402?
1400
In base 15, what is -2 + 373?
371
In base 4, what is 1030 - 103?
321
In base 3, what is 100 - 1012101?
-1012001
In base 8, what is 5 - -205?
212
In base 7, what is -4 + -2203?
-2210
In base 7, what is 6500 + -1?
6466
In base 8, what is 4 + -12?
-6
In base 2, what is 0 + -1000001?
-1000001
In base 3, what is -1102 + 111?
-221
In base 12, what is 5 + -1371?
-1368
In base 5, what is 1 + -302?
-301
In base 11, what is -109a + -6?
-10a5
In base 15, what is c8 + -2e?
99
In base 6, what is -4 - 1211?
-1215
In base 5, what is 0 - 14?
-14
In base 16, what is -bd9 - 0?
-bd9
In base 9, what is -344 + -2?
-346
In base 12, what is -25 - -44?
1b
In base 3, what is 112201 + 212?
120120
In base 4, what is 1 + 1030330?
1030331
In base 12, what is -1b9 + -36?
-233
In base 5, what is -2 - -130?
123
In base 14, what is -2 - 209?
-20b
In base 14, what is -3 - 2d5?
-2d8
In base 6, what is 1323 + -11?
1312
In base 7, what is -1256 + -3?
-1262
In base 14, what is -10 + 3?
-b
In base 11, what is a - -7?
16
In base 13, what is -79 - -14?
-65
In base 7, what is -4 + 1151?
1144
In base 5, what is -2134 - -10?
-2124
In base 7, what is -202 - 32?
-234
In base 4, what is -2 + -103212?
-103220
In base 3, what is 1001022 - -11?
1001110
In base 13, what is c1 - -8?
c9
In base 13, what is 2 + 145?
147
In base 3, what is 220112 - 12?
220100
In base 8, what is -1 + 726?
725
In base 4, what is 102 + 22?
130
In base 12, what is -4 - 852?
-856
In base 2, what is 101 + -11110?
-11001
In base 13, what is -90 - -8?
-85
In base 7, what is -4 + 1040?
1033
In base 14, what is 1cb + 9?
1d6
In base 16, what is 9 - cd?
-c4
In base 4, what is 12012 - -2?
12020
In base 10, what is 262 - 4?
258
In base 10, what is 0 + 221?
221
In base 5, what is 10402 + 3?
10410
In base 8, what is 774 + 5?
1001
In base 13, what is -13c - 2?
-141
In base 14, what is -3 + -579?
-57c
In base 2, what is 1001001100101000 + 10?
1001001100101010
In base 4, what is 1 + -10?
-3
In base 8, what is 6017 - 2?
6015
In base 3, what is -21 + -2?
-100
In base 5, what is -23220 - -2?
-23213
In base 10, what is 27 + 11?
38
In base 7, what is 6640 - -1?
6641
In base 15, what is -9 + 16?
c
In base 7, what is -66 + 240?
141
In base 15, what is 758 + -15?
743
In base 10, what is 1 + 74?
75
In base 14, what is 8a - -2?
8c
In base 8, what is -32 + -1?
-33
In base 14, what is -43 - -4?
-3d
In base 14, what is 77 - -2?
79
In base 6, what is -11 - -14?
3
In base 15, what is -3e + -3?
-42
In base 13, what is -2 + 2?
0
In base 8, what is 105 + 26?
133
In base 6, what is 103 - 1011?
-504
In base 16, what is -2b - -9a?
6f
In base 10, what is 1 + -68?
-67
In base 14, what is -4 - 303?
-307
In base 14, what is 1 + 56c?
56d
In base 3, what is 220 - -12?
1002
In base 8, what is 2 + -321?
-317
In base 12, what is -3626 + 4?
-3622
In base 3, what is -1120 - 22?
-1212
In base 2, what is -10010 - -10100?
10
In base 8, what is -37 - -42?
3
In base 7, what is -104 + -214?
-321
In base 7, what is -4 - -222?
215
In base 12, what is -159 + 4?
-155
In base 4, what is 3 - -3?
12
In base 10, what is 1200 + 0?
1200
In base 12, what is -b + -106?
-115
In base 2, what is 1 - 11000000?
-10111111
In base 6, what is -11 - 131?
-142
In base 4, what is -3122 - -12?
-3110
In base 15, what is -6c - -c?
-60
In base 5, what is -200 + 12?
-133
In base 16, what is 16a - 0?
16a
In base 8, what is 2361 + -5?
2354
In base 7, what is -11 + 11?
0
In base 6, what is -3 + 1153?
1150
In base 16, what is -5 + -24d?
-252
In base 16, what is 1 - -3ff?
400
In base 13, what is -1 - 104?
-105
In base 13, what is -11 - 117?
-128
In base 15, what is be6 - 4?
be2
In base 8, what is 3434 - -2?
3436
In base 2, what is 110010 + 110?
111000
In base 16, what is -c + -30b?
-317
In base 2, what is 11110100 + -111001?
10111011
In base 16, what is 1e + -79?
-5b
In base 6, what is 1 + -335?
-334
In base 10, what is 2 + -853?
-851
In base 6, what is -1021 - -5?
-1012
In base 2, what is -110000 - 100111100?
-101101100
In base 2, what is -10001 - -101001101?
100111100
In base 7, what is -4 - -32?
25
In base 6, what is -4 - 241?
-245
In base 4, what is 1 + -312?
-311
In base 11, what is -12 + 9?
-4
In base 16, what is -2 - 3a?
-3c
In base 4, what is 3 + -232?
-223
In base 16, what is 4 + -7a?
-76
In base 8, what is -10 - 224?
-234
In base 11, what is 0 - 1a8?
-1a8
In base 6, what is -12020 - 3?
-12023
In base 6, what is 24 - 214?
-150
In base 5, what is 300 - 3?
242
In base 3, what is 11 - 10101?
-10020
In base 11, what is -71 - -1?
-70
In base 5, what is -111 - 2?
-113
In base 8, what is 1461 - 4?
1455
In base 3, what is 1200 - -10?
1210
In base 2, what is 111 - 1000100?
-111101
In base 11, what is -20 + -557?
-577
In base 10, what is 3 + 1279?
1282
In base 8, what is -10 - -172?
162
In base 9, what is 5 + -38?
-33
In base 14, what is -1 - 12?
-13
In base 9, what is -8 - -31?
22
In base 14, what is 7b6 - -a?
7c2
In base 3, what is 0 - -101001?
101001
In base 11, what is 2 + -140?
-139
In base 7, what is 1165 - 6?
1156
In base 2, what is -11 - -10100111000?
10100110101
In base 16, what is 7 + 39?
40
In base 4, what is 121131 - -1?
121132
In base 13, what is 9 - -19?
25
In base 4, what is -100 + 21?
-13
In base 3, what is -1 - -11022112?
11022111
In base 11, what is -26 + -28?
-53
In base 14, what is -6 + 418?
412
In base 16, what is d6 + 0?
d6
In base 4, what is 210023 + 10?
210033
In base 9, what is 1 - 568?
-567
In base 14, what is 53 + 3b?
90
In base 12, what is 2a - -436?
464
In base 10, what is 6 - -111?
117
In base 2, what is 101 - -1011000?
1011101
In base 7, what is 0 + -113?
-113
In base 8, what is 0 - -415?
415
In base 16, what is 1 - -6a?
6b
In base 13, what is -38a + 4?
-386
In base 2, what is -1 + 100001110?
100001101
In base 13, what is 6 - 74?
-6b
In base 4, what is -20132 - 10?
-20202
In base 14, what is -27 + -176?
-19d
In base 15, what is -2 - 3ba?
-3bc
In base 4, what is -33 + 2?
-31
In base 13, what is -1bb + 1?
